{"id":224,"date":"2013-03-14T18:54:42","date_gmt":"2013-03-14T17:54:42","guid":{"rendered":"http:\/\/emmanuelgaye.fr\/lepetitcaboulot\/?page_id=224"},"modified":"2026-03-11T09:46:47","modified_gmt":"2026-03-11T08:46:47","slug":"formule-enfant","status":"publish","type":"page","link":"https:\/\/www.lepetitcaboulot.com\/index.php\/formule-enfant\/","title":{"rendered":"Pour les Petits Garnements"},"content":{"rendered":"<p><!-- [if gte mso 9]&gt;&lt;xml&gt;&lt;br&gt;&lt;w:WordDocument&gt;&lt;br&gt;&lt;w:View&gt;Normal&lt;\/w:View&gt;&lt;br&gt;&lt;w:Zoom&gt;0&lt;\/w:Zoom&gt;&lt;br&gt;&lt;w:HyphenationZone&gt;21&lt;\/w:HyphenationZone&gt;&lt;br&gt;&lt;w:PunctuationKerning\/&gt;&lt;br&gt;&lt;w:ValidateAgainstSchemas\/&gt;&lt;br&gt;&lt;w:SaveIfXMLInvalid&gt;false&lt;\/w:SaveIfXMLInvalid&gt;&lt;br&gt;&lt;w:IgnoreMixedContent&gt;false&lt;\/w:IgnoreMixedContent&gt;&lt;br&gt;&lt;w:AlwaysShowPlaceholderText&gt;false&lt;\/w:AlwaysShowPlaceholderText&gt;&lt;br&gt;&lt;w:Compatibility&gt;&lt;br&gt;&lt;w:BreakWrappedTables\/&gt;&lt;br&gt;&lt;w:SnapToGridInCell\/&gt;&lt;br&gt;&lt;w:WrapTextWithPunct\/&gt;&lt;br&gt;&lt;w:UseAsianBreakRules\/&gt;&lt;br&gt;&lt;w:DontGrowAutofit\/&gt;&lt;br&gt;&lt;\/w:Compatibility&gt;&lt;br&gt;&lt;w:BrowserLevel&gt;MicrosoftInternetExplorer4&lt;\/w:BrowserLevel&gt;&lt;br&gt;&lt;\/w:WordDocument&gt;&lt;br&gt;&lt;\/xml&gt;&lt;![endif]--><\/p>\n<p class=\"western\" align=\"center\"><span style=\"color: #7f0000;\"><span style=\"font-family: Gabriola, fantasy;\"><span style=\"font-size: xx-large;\"><span lang=\"fr-FR\"><b>(Jusqu&rsquo;\u00e0 12 ans<\/b><\/span><\/span><\/span><\/span><span style=\"color: #7f0000;\"><span style=\"font-family: Gabriola, fantasy;\"><span style=\"font-size: xx-large;\"><span lang=\"fr-FR\"><b>)<\/b><\/span><\/span><\/span><\/span><\/p>\n<p class=\"western\" align=\"center\"><span style=\"font-family: Gabriola, fantasy;\"><span style=\"font-size: x-large;\">Milk-shake de Petits Pois<\/span><\/span><\/p>\n<p class=\"western\" align=\"center\"><span style=\"font-family: Gabriola, fantasy;\"><span style=\"font-size: x-large;\">Duo de Crudit\u00e9s et de Charcuteries<\/span><\/span><\/p>\n<p class=\"western\" align=\"center\"><span style=\"font-family: Gabriola, fantasy;\"><span style=\"font-size: x-large;\">~~~<\/span><\/span><\/p>\n<p class=\"western\" align=\"center\"><span style=\"font-family: Gabriola, fantasy;\"><span style=\"font-size: x-large;\">Nuggets de Poulet, Frites et L\u00e9gumes<\/span><\/span><\/p>\n<p class=\"western\" align=\"center\"><span style=\"font-family: Gabriola, fantasy;\"><span style=\"font-size: x-large;\">Fish and Chips<\/span><\/span><\/p>\n<p class=\"western\" align=\"center\"><span style=\"font-family: Gabriola, fantasy;\"><span style=\"font-size: x-large;\">Burger de B\u0153uf, Frites et L\u00e9gumes<\/span><\/span><\/p>\n<p class=\"western\" align=\"center\"><span style=\"font-family: Gabriola, fantasy;\"><span style=\"font-size: x-large;\">~~~<\/span><\/span><\/p>\n<p class=\"western\" align=\"center\"><span style=\"font-family: Gabriola, fantasy;\"><span style=\"font-size: x-large;\">Glace 1 Boule et Brisures M&amp;M\u2019s <\/span><\/span><\/p>\n<p class=\"western\" align=\"center\"><span style=\"font-family: Gabriola, fantasy;\"><span style=\"font-size: x-large;\">Dessert du Moment<\/span><\/span><\/p>\n<p class=\"western\" align=\"center\"><span style=\"color: #7f0000;\"><span style=\"font-family: Javanese Text;\"><span style=\"font-size: 300%;\"><b>12,00 \u20ac<\/b><\/span><\/span><\/span><\/p>\n<pre><\/pre>\n<p><!-- [if gte mso 9]&gt;&lt;xml&gt;&lt;br&gt;&lt;w:LatentStyles DefLockedState=\"false\" LatentStyleCount=\"156\"&gt;&lt;br&gt;&lt;\/w:LatentStyles&gt;&lt;br&gt;&lt;\/xml&gt;&lt;![endif]--><\/p>\n<p><!-- [if gte mso 10]&gt;&lt;\/p&gt;&lt;style&gt; \/* Style Definitions *\/&lt;br&gt;table.MsoNormalTable&lt;br&gt;{mso-style-name:\"Tableau Normal\";&lt;br&gt;mso-tstyle-rowband-size:0;&lt;br&gt;mso-tstyle-colband-size:0;&lt;br&gt;mso-style-noshow:yes;&lt;br&gt;mso-style-parent:\"\";&lt;br&gt;mso-padding-alt:0cm 5.4pt 0cm 5.4pt;&lt;br&gt;mso-para-margin:0cm;&lt;br&gt;mso-para-margin-bottom:.0001pt;&lt;br&gt;mso-pagination:widow-orphan;&lt;br&gt;font-size:10.0pt;&lt;br&gt;font-family:\"Times New Roman\";&lt;br&gt;mso-ansi-language:#0400;&lt;br&gt;mso-fareast-language:#0400;&lt;br&gt;mso-bidi-language:#0400;}&lt;br&gt;&lt;\/style&gt;&lt;![endif]--><\/p>\n","protected":false},"excerpt":{"rendered":"<p>(Jusqu&rsquo;\u00e0 12 ans) Milk-shake de Petits Pois Duo de Crudit\u00e9s et de Charcuteries ~~~ Nuggets de Poulet, Frites et L\u00e9gumes Fish and Chips Burger de B\u0153uf, Frites et L\u00e9gumes ~~~ Glace 1 Boule et Brisures M&amp;M\u2019s Dessert du Moment 12,00 \u20ac<\/p>\n","protected":false},"author":1,"featured_media":0,"parent":0,"menu_order":0,"comment_status":"closed","ping_status":"open","template":"","meta":{"footnotes":""},"class_list":["post-224","page","type-page","status-publish","hentry"],"yoast_head":"<!-- This site is optimized with the Yoast SEO plugin v27.4 - https:\/\/yoast.com\/product\/yoast-seo-wordpress\/ -->\n<title>Pour les Petits Garnements -<\/title>\n<meta name=\"robots\" content=\"index, follow, max-snippet:-1, max-image-preview:large, max-video-preview:-1\" \/>\n<link rel=\"canonical\" href=\"https:\/\/www.lepetitcaboulot.com\/index.php\/formule-enfant\/\" \/>\n<meta property=\"og:locale\" content=\"fr_FR\" \/>\n<meta property=\"og:type\" content=\"article\" \/>\n<meta property=\"og:title\" content=\"Pour les Petits Garnements -\" \/>\n<meta property=\"og:description\" content=\"(Jusqu&rsquo;\u00e0 12 ans) Milk-shake de Petits Pois Duo de Crudit\u00e9s et de Charcuteries ~~~ Nuggets de Poulet, Frites et L\u00e9gumes Fish and Chips Burger de B\u0153uf, Frites et L\u00e9gumes ~~~ Glace 1 Boule et Brisures M&amp;M\u2019s Dessert du Moment 12,00 \u20ac\" \/>\n<meta property=\"og:url\" content=\"https:\/\/www.lepetitcaboulot.com\/index.php\/formule-enfant\/\" \/>\n<meta property=\"article:publisher\" content=\"https:\/\/www.facebook.com\/petitcaboulot\" \/>\n<meta property=\"article:modified_time\" content=\"2026-03-11T08:46:47+00:00\" \/>\n<meta name=\"twitter:card\" content=\"summary_large_image\" \/>\n<meta name=\"twitter:label1\" content=\"Dur\u00e9e de lecture estim\u00e9e\" \/>\n\t<meta name=\"twitter:data1\" content=\"1 minute\" \/>\n<script type=\"application\/ld+json\" class=\"yoast-schema-graph\">{\"@context\":\"https:\\\/\\\/schema.org\",\"@graph\":[{\"@type\":\"WebPage\",\"@id\":\"https:\\\/\\\/www.lepetitcaboulot.com\\\/index.php\\\/formule-enfant\\\/\",\"url\":\"https:\\\/\\\/www.lepetitcaboulot.com\\\/index.php\\\/formule-enfant\\\/\",\"name\":\"Pour les Petits Garnements -\",\"isPartOf\":{\"@id\":\"https:\\\/\\\/www.lepetitcaboulot.com\\\/#website\"},\"datePublished\":\"2013-03-14T17:54:42+00:00\",\"dateModified\":\"2026-03-11T08:46:47+00:00\",\"breadcrumb\":{\"@id\":\"https:\\\/\\\/www.lepetitcaboulot.com\\\/index.php\\\/formule-enfant\\\/#breadcrumb\"},\"inLanguage\":\"fr-FR\",\"potentialAction\":[{\"@type\":\"ReadAction\",\"target\":[\"https:\\\/\\\/www.lepetitcaboulot.com\\\/index.php\\\/formule-enfant\\\/\"]}]},{\"@type\":\"BreadcrumbList\",\"@id\":\"https:\\\/\\\/www.lepetitcaboulot.com\\\/index.php\\\/formule-enfant\\\/#breadcrumb\",\"itemListElement\":[{\"@type\":\"ListItem\",\"position\":1,\"name\":\"Accueil\",\"item\":\"https:\\\/\\\/www.lepetitcaboulot.com\\\/\"},{\"@type\":\"ListItem\",\"position\":2,\"name\":\"Pour les Petits Garnements\"}]},{\"@type\":\"WebSite\",\"@id\":\"https:\\\/\\\/www.lepetitcaboulot.com\\\/#website\",\"url\":\"https:\\\/\\\/www.lepetitcaboulot.com\\\/\",\"name\":\"WWW.lepetitcaboulot.com\",\"description\":\"Restaurant traditionnel situ\u00e9 \u00e0 Isle Saint Georges, pr\u00e8s de Bordeaux (33)\",\"publisher\":{\"@id\":\"https:\\\/\\\/www.lepetitcaboulot.com\\\/#organization\"},\"potentialAction\":[{\"@type\":\"SearchAction\",\"target\":{\"@type\":\"EntryPoint\",\"urlTemplate\":\"https:\\\/\\\/www.lepetitcaboulot.com\\\/?s={search_term_string}\"},\"query-input\":{\"@type\":\"PropertyValueSpecification\",\"valueRequired\":true,\"valueName\":\"search_term_string\"}}],\"inLanguage\":\"fr-FR\"},{\"@type\":\"Organization\",\"@id\":\"https:\\\/\\\/www.lepetitcaboulot.com\\\/#organization\",\"name\":\"Restaurant le petit caboulot\",\"url\":\"https:\\\/\\\/www.lepetitcaboulot.com\\\/\",\"logo\":{\"@type\":\"ImageObject\",\"inLanguage\":\"fr-FR\",\"@id\":\"https:\\\/\\\/www.lepetitcaboulot.com\\\/#\\\/schema\\\/logo\\\/image\\\/\",\"url\":\"http:\\\/\\\/www.lepetitcaboulot.com\\\/wp-content\\\/uploads\\\/2024\\\/11\\\/toque-nb.bmp\",\"contentUrl\":\"http:\\\/\\\/www.lepetitcaboulot.com\\\/wp-content\\\/uploads\\\/2024\\\/11\\\/toque-nb.bmp\",\"width\":530,\"height\":530,\"caption\":\"Restaurant le petit caboulot\"},\"image\":{\"@id\":\"https:\\\/\\\/www.lepetitcaboulot.com\\\/#\\\/schema\\\/logo\\\/image\\\/\"},\"sameAs\":[\"https:\\\/\\\/www.facebook.com\\\/petitcaboulot\",\"https:\\\/\\\/www.instagram.com\\\/petitcaboulot\\\/\"]}]}<\/script>\n<!-- \/ Yoast SEO plugin. -->","yoast_head_json":{"title":"Pour les Petits Garnements -","robots":{"index":"index","follow":"follow","max-snippet":"max-snippet:-1","max-image-preview":"max-image-preview:large","max-video-preview":"max-video-preview:-1"},"canonical":"https:\/\/www.lepetitcaboulot.com\/index.php\/formule-enfant\/","og_locale":"fr_FR","og_type":"article","og_title":"Pour les Petits Garnements -","og_description":"(Jusqu&rsquo;\u00e0 12 ans) Milk-shake de Petits Pois Duo de Crudit\u00e9s et de Charcuteries ~~~ Nuggets de Poulet, Frites et L\u00e9gumes Fish and Chips Burger de B\u0153uf, Frites et L\u00e9gumes ~~~ Glace 1 Boule et Brisures M&amp;M\u2019s Dessert du Moment 12,00 \u20ac","og_url":"https:\/\/www.lepetitcaboulot.com\/index.php\/formule-enfant\/","article_publisher":"https:\/\/www.facebook.com\/petitcaboulot","article_modified_time":"2026-03-11T08:46:47+00:00","twitter_card":"summary_large_image","twitter_misc":{"Dur\u00e9e de lecture estim\u00e9e":"1 minute"},"schema":{"@context":"https:\/\/schema.org","@graph":[{"@type":"WebPage","@id":"https:\/\/www.lepetitcaboulot.com\/index.php\/formule-enfant\/","url":"https:\/\/www.lepetitcaboulot.com\/index.php\/formule-enfant\/","name":"Pour les Petits Garnements -","isPartOf":{"@id":"https:\/\/www.lepetitcaboulot.com\/#website"},"datePublished":"2013-03-14T17:54:42+00:00","dateModified":"2026-03-11T08:46:47+00:00","breadcrumb":{"@id":"https:\/\/www.lepetitcaboulot.com\/index.php\/formule-enfant\/#breadcrumb"},"inLanguage":"fr-FR","potentialAction":[{"@type":"ReadAction","target":["https:\/\/www.lepetitcaboulot.com\/index.php\/formule-enfant\/"]}]},{"@type":"BreadcrumbList","@id":"https:\/\/www.lepetitcaboulot.com\/index.php\/formule-enfant\/#breadcrumb","itemListElement":[{"@type":"ListItem","position":1,"name":"Accueil","item":"https:\/\/www.lepetitcaboulot.com\/"},{"@type":"ListItem","position":2,"name":"Pour les Petits Garnements"}]},{"@type":"WebSite","@id":"https:\/\/www.lepetitcaboulot.com\/#website","url":"https:\/\/www.lepetitcaboulot.com\/","name":"WWW.lepetitcaboulot.com","description":"Restaurant traditionnel situ\u00e9 \u00e0 Isle Saint Georges, pr\u00e8s de Bordeaux (33)","publisher":{"@id":"https:\/\/www.lepetitcaboulot.com\/#organization"},"potentialAction":[{"@type":"SearchAction","target":{"@type":"EntryPoint","urlTemplate":"https:\/\/www.lepetitcaboulot.com\/?s={search_term_string}"},"query-input":{"@type":"PropertyValueSpecification","valueRequired":true,"valueName":"search_term_string"}}],"inLanguage":"fr-FR"},{"@type":"Organization","@id":"https:\/\/www.lepetitcaboulot.com\/#organization","name":"Restaurant le petit caboulot","url":"https:\/\/www.lepetitcaboulot.com\/","logo":{"@type":"ImageObject","inLanguage":"fr-FR","@id":"https:\/\/www.lepetitcaboulot.com\/#\/schema\/logo\/image\/","url":"http:\/\/www.lepetitcaboulot.com\/wp-content\/uploads\/2024\/11\/toque-nb.bmp","contentUrl":"http:\/\/www.lepetitcaboulot.com\/wp-content\/uploads\/2024\/11\/toque-nb.bmp","width":530,"height":530,"caption":"Restaurant le petit caboulot"},"image":{"@id":"https:\/\/www.lepetitcaboulot.com\/#\/schema\/logo\/image\/"},"sameAs":["https:\/\/www.facebook.com\/petitcaboulot","https:\/\/www.instagram.com\/petitcaboulot\/"]}]}},"featured_media_urls":[],"_links":{"self":[{"href":"https:\/\/www.lepetitcaboulot.com\/index.php\/wp-json\/wp\/v2\/pages\/224","targetHints":{"allow":["GET"]}}],"collection":[{"href":"https:\/\/www.lepetitcaboulot.com\/index.php\/wp-json\/wp\/v2\/pages"}],"about":[{"href":"https:\/\/www.lepetitcaboulot.com\/index.php\/wp-json\/wp\/v2\/types\/page"}],"author":[{"embeddable":true,"href":"https:\/\/www.lepetitcaboulot.com\/index.php\/wp-json\/wp\/v2\/users\/1"}],"replies":[{"embeddable":true,"href":"https:\/\/www.lepetitcaboulot.com\/index.php\/wp-json\/wp\/v2\/comments?post=224"}],"version-history":[{"count":14,"href":"https:\/\/www.lepetitcaboulot.com\/index.php\/wp-json\/wp\/v2\/pages\/224\/revisions"}],"predecessor-version":[{"id":2559,"href":"https:\/\/www.lepetitcaboulot.com\/index.php\/wp-json\/wp\/v2\/pages\/224\/revisions\/2559"}],"wp:attachment":[{"href":"https:\/\/www.lepetitcaboulot.com\/index.php\/wp-json\/wp\/v2\/media?parent=224"}],"curies":[{"name":"wp","href":"https:\/\/api.w.org\/{rel}","templated":true}]}}