{"id":216,"date":"2013-03-14T18:51:35","date_gmt":"2013-03-14T17:51:35","guid":{"rendered":"http:\/\/emmanuelgaye.fr\/lepetitcaboulot\/?page_id=216"},"modified":"2026-05-01T23:42:36","modified_gmt":"2026-05-01T21:42:36","slug":"formule-midi","status":"publish","type":"page","link":"https:\/\/www.lepetitcaboulot.com\/index.php\/formule-midi\/","title":{"rendered":"Formule Midi"},"content":{"rendered":"\n<p class=\"has-text-align-center\"><em>Semaine du <\/em><em>5 au 7 Mai <\/em><em>2026<\/em><\/p>\n\n\n\n<p class=\"has-text-align-center\">Entr\u00e9e du Jour<\/p>\n\n\n\n<p class=\"has-text-align-center\">Aum\u00f4ni\u00e8re de Pommes, Ch\u00e8vre et Miel<\/p>\n\n\n\n<p class=\"has-text-align-center\">Carpaccio de Betterave au Bleu<\/p>\n\n\n\n<p class=\"has-text-align-center\">***<\/p>\n\n\n\n<p class=\"has-text-align-center\">Plat du Jour<\/p>\n\n\n\n<p class=\"has-text-align-center\">Le B\u0153uf Dans Tous Ses \u00c9tats<\/p>\n\n\n\n<p class=\"has-text-align-center\">Blanquette de Haricots Blanc et L\u00e9gumes<\/p>\n\n\n\n<p class=\"has-text-align-center\">Poisson du March\u00e9 Suivant Arrivage<\/p>\n\n\n\n<p class=\"has-text-align-center\">***<\/p>\n\n\n\n<p class=\"has-text-align-center\">Dessert du Moment<\/p>\n\n\n\n<p class=\"has-text-align-center\">Tiramisu au pain d\u2019\u00e9pices<\/p>\n\n\n\n<p class=\"has-text-align-center\">Duo de Fromages<\/p>\n\n\n\n<p class=\"has-text-align-center\">Glace Deux Boules<\/p>\n\n\n\n<p class=\"has-text-align-center\">Caf\u00e9 Gourmand (Suppl. +3,90 \u20ac)<\/p>\n\n\n\n<p class=\"has-text-align-center\"><strong>Entr\u00e9e + Plat + Dessert =19.00 \u20ac<\/strong><\/p>\n\n\n\n<p class=\"has-text-align-center\"><strong>Entr\u00e9e + Plat = 16,50 \u20ac ou Plat + Dessert = 16,50 \u20ac<\/strong><\/p>\n\n\n\n<p class=\"has-text-align-center\">Retrouver les plats du jour <a href=\"http:\/\/www.lepetitcaboulot.com\/index.php\/menu-du-jour\/\">Ici<\/a><\/p>\n\n\n\n<p class=\"has-text-align-center\"><\/p>\n\n\n\n<p><\/p>\n","protected":false},"excerpt":{"rendered":"<p>Semaine du 5 au 7 Mai 2026 Entr\u00e9e du Jour Aum\u00f4ni\u00e8re de Pommes, Ch\u00e8vre et Miel Carpaccio de Betterave au Bleu *** Plat du Jour Le B\u0153uf Dans Tous Ses \u00c9tats Blanquette de Haricots Blanc et L\u00e9gumes Poisson du March\u00e9 Suivant Arrivage *** Dessert du Moment Tiramisu au pain d\u2019\u00e9pices Duo de Fromages Glace Deux &hellip; <\/p>\n<p class=\"link-more\"><a href=\"https:\/\/www.lepetitcaboulot.com\/index.php\/formule-midi\/\" class=\"more-link\">Continuer la lecture<span class=\"screen-reader-text\"> de &laquo;&nbsp;Formule Midi&nbsp;&raquo;<\/span><\/a><\/p>\n","protected":false},"author":1,"featured_media":0,"parent":0,"menu_order":0,"comment_status":"closed","ping_status":"open","template":"","meta":{"footnotes":""},"class_list":["post-216","page","type-page","status-publish","hentry"],"yoast_head":"<!-- This site is optimized with the Yoast SEO plugin v27.5 - https:\/\/yoast.com\/product\/yoast-seo-wordpress\/ -->\n<title>Formule Midi -<\/title>\n<meta name=\"robots\" content=\"index, follow, max-snippet:-1, max-image-preview:large, max-video-preview:-1\" \/>\n<link rel=\"canonical\" href=\"https:\/\/www.lepetitcaboulot.com\/index.php\/formule-midi\/\" \/>\n<meta property=\"og:locale\" content=\"fr_FR\" \/>\n<meta property=\"og:type\" content=\"article\" \/>\n<meta property=\"og:title\" content=\"Formule Midi -\" \/>\n<meta property=\"og:description\" content=\"Semaine du 5 au 7 Mai 2026 Entr\u00e9e du Jour Aum\u00f4ni\u00e8re de Pommes, Ch\u00e8vre et Miel Carpaccio de Betterave au Bleu *** Plat du Jour Le B\u0153uf Dans Tous Ses \u00c9tats Blanquette de Haricots Blanc et L\u00e9gumes Poisson du March\u00e9 Suivant Arrivage *** Dessert du Moment Tiramisu au pain d\u2019\u00e9pices Duo de Fromages Glace Deux &hellip; Continuer la lecture de &laquo;&nbsp;Formule Midi&nbsp;&raquo;\" \/>\n<meta property=\"og:url\" content=\"https:\/\/www.lepetitcaboulot.com\/index.php\/formule-midi\/\" \/>\n<meta property=\"article:publisher\" content=\"https:\/\/www.facebook.com\/petitcaboulot\" \/>\n<meta property=\"article:modified_time\" content=\"2026-05-01T21:42:36+00:00\" \/>\n<meta name=\"twitter:card\" content=\"summary_large_image\" \/>\n<meta name=\"twitter:label1\" content=\"Dur\u00e9e de lecture estim\u00e9e\" \/>\n\t<meta name=\"twitter:data1\" content=\"1 minute\" \/>\n<script type=\"application\/ld+json\" class=\"yoast-schema-graph\">{\"@context\":\"https:\\\/\\\/schema.org\",\"@graph\":[{\"@type\":\"WebPage\",\"@id\":\"https:\\\/\\\/www.lepetitcaboulot.com\\\/index.php\\\/formule-midi\\\/\",\"url\":\"https:\\\/\\\/www.lepetitcaboulot.com\\\/index.php\\\/formule-midi\\\/\",\"name\":\"Formule Midi -\",\"isPartOf\":{\"@id\":\"https:\\\/\\\/www.lepetitcaboulot.com\\\/#website\"},\"datePublished\":\"2013-03-14T17:51:35+00:00\",\"dateModified\":\"2026-05-01T21:42:36+00:00\",\"breadcrumb\":{\"@id\":\"https:\\\/\\\/www.lepetitcaboulot.com\\\/index.php\\\/formule-midi\\\/#breadcrumb\"},\"inLanguage\":\"fr-FR\",\"potentialAction\":[{\"@type\":\"ReadAction\",\"target\":[\"https:\\\/\\\/www.lepetitcaboulot.com\\\/index.php\\\/formule-midi\\\/\"]}]},{\"@type\":\"BreadcrumbList\",\"@id\":\"https:\\\/\\\/www.lepetitcaboulot.com\\\/index.php\\\/formule-midi\\\/#breadcrumb\",\"itemListElement\":[{\"@type\":\"ListItem\",\"position\":1,\"name\":\"Accueil\",\"item\":\"https:\\\/\\\/www.lepetitcaboulot.com\\\/\"},{\"@type\":\"ListItem\",\"position\":2,\"name\":\"Formule Midi\"}]},{\"@type\":\"WebSite\",\"@id\":\"https:\\\/\\\/www.lepetitcaboulot.com\\\/#website\",\"url\":\"https:\\\/\\\/www.lepetitcaboulot.com\\\/\",\"name\":\"WWW.lepetitcaboulot.com\",\"description\":\"Restaurant traditionnel situ\u00e9 \u00e0 Isle Saint Georges, pr\u00e8s de Bordeaux (33)\",\"publisher\":{\"@id\":\"https:\\\/\\\/www.lepetitcaboulot.com\\\/#organization\"},\"potentialAction\":[{\"@type\":\"SearchAction\",\"target\":{\"@type\":\"EntryPoint\",\"urlTemplate\":\"https:\\\/\\\/www.lepetitcaboulot.com\\\/?s={search_term_string}\"},\"query-input\":{\"@type\":\"PropertyValueSpecification\",\"valueRequired\":true,\"valueName\":\"search_term_string\"}}],\"inLanguage\":\"fr-FR\"},{\"@type\":\"Organization\",\"@id\":\"https:\\\/\\\/www.lepetitcaboulot.com\\\/#organization\",\"name\":\"Restaurant le petit caboulot\",\"url\":\"https:\\\/\\\/www.lepetitcaboulot.com\\\/\",\"logo\":{\"@type\":\"ImageObject\",\"inLanguage\":\"fr-FR\",\"@id\":\"https:\\\/\\\/www.lepetitcaboulot.com\\\/#\\\/schema\\\/logo\\\/image\\\/\",\"url\":\"http:\\\/\\\/www.lepetitcaboulot.com\\\/wp-content\\\/uploads\\\/2024\\\/11\\\/toque-nb.bmp\",\"contentUrl\":\"http:\\\/\\\/www.lepetitcaboulot.com\\\/wp-content\\\/uploads\\\/2024\\\/11\\\/toque-nb.bmp\",\"width\":530,\"height\":530,\"caption\":\"Restaurant le petit caboulot\"},\"image\":{\"@id\":\"https:\\\/\\\/www.lepetitcaboulot.com\\\/#\\\/schema\\\/logo\\\/image\\\/\"},\"sameAs\":[\"https:\\\/\\\/www.facebook.com\\\/petitcaboulot\",\"https:\\\/\\\/www.instagram.com\\\/petitcaboulot\\\/\"]}]}<\/script>\n<!-- \/ Yoast SEO plugin. -->","yoast_head_json":{"title":"Formule Midi -","robots":{"index":"index","follow":"follow","max-snippet":"max-snippet:-1","max-image-preview":"max-image-preview:large","max-video-preview":"max-video-preview:-1"},"canonical":"https:\/\/www.lepetitcaboulot.com\/index.php\/formule-midi\/","og_locale":"fr_FR","og_type":"article","og_title":"Formule Midi -","og_description":"Semaine du 5 au 7 Mai 2026 Entr\u00e9e du Jour Aum\u00f4ni\u00e8re de Pommes, Ch\u00e8vre et Miel Carpaccio de Betterave au Bleu *** Plat du Jour Le B\u0153uf Dans Tous Ses \u00c9tats Blanquette de Haricots Blanc et L\u00e9gumes Poisson du March\u00e9 Suivant Arrivage *** Dessert du Moment Tiramisu au pain d\u2019\u00e9pices Duo de Fromages Glace Deux &hellip; Continuer la lecture de &laquo;&nbsp;Formule Midi&nbsp;&raquo;","og_url":"https:\/\/www.lepetitcaboulot.com\/index.php\/formule-midi\/","article_publisher":"https:\/\/www.facebook.com\/petitcaboulot","article_modified_time":"2026-05-01T21:42:36+00:00","twitter_card":"summary_large_image","twitter_misc":{"Dur\u00e9e de lecture estim\u00e9e":"1 minute"},"schema":{"@context":"https:\/\/schema.org","@graph":[{"@type":"WebPage","@id":"https:\/\/www.lepetitcaboulot.com\/index.php\/formule-midi\/","url":"https:\/\/www.lepetitcaboulot.com\/index.php\/formule-midi\/","name":"Formule Midi -","isPartOf":{"@id":"https:\/\/www.lepetitcaboulot.com\/#website"},"datePublished":"2013-03-14T17:51:35+00:00","dateModified":"2026-05-01T21:42:36+00:00","breadcrumb":{"@id":"https:\/\/www.lepetitcaboulot.com\/index.php\/formule-midi\/#breadcrumb"},"inLanguage":"fr-FR","potentialAction":[{"@type":"ReadAction","target":["https:\/\/www.lepetitcaboulot.com\/index.php\/formule-midi\/"]}]},{"@type":"BreadcrumbList","@id":"https:\/\/www.lepetitcaboulot.com\/index.php\/formule-midi\/#breadcrumb","itemListElement":[{"@type":"ListItem","position":1,"name":"Accueil","item":"https:\/\/www.lepetitcaboulot.com\/"},{"@type":"ListItem","position":2,"name":"Formule Midi"}]},{"@type":"WebSite","@id":"https:\/\/www.lepetitcaboulot.com\/#website","url":"https:\/\/www.lepetitcaboulot.com\/","name":"WWW.lepetitcaboulot.com","description":"Restaurant traditionnel situ\u00e9 \u00e0 Isle Saint Georges, pr\u00e8s de Bordeaux (33)","publisher":{"@id":"https:\/\/www.lepetitcaboulot.com\/#organization"},"potentialAction":[{"@type":"SearchAction","target":{"@type":"EntryPoint","urlTemplate":"https:\/\/www.lepetitcaboulot.com\/?s={search_term_string}"},"query-input":{"@type":"PropertyValueSpecification","valueRequired":true,"valueName":"search_term_string"}}],"inLanguage":"fr-FR"},{"@type":"Organization","@id":"https:\/\/www.lepetitcaboulot.com\/#organization","name":"Restaurant le petit caboulot","url":"https:\/\/www.lepetitcaboulot.com\/","logo":{"@type":"ImageObject","inLanguage":"fr-FR","@id":"https:\/\/www.lepetitcaboulot.com\/#\/schema\/logo\/image\/","url":"http:\/\/www.lepetitcaboulot.com\/wp-content\/uploads\/2024\/11\/toque-nb.bmp","contentUrl":"http:\/\/www.lepetitcaboulot.com\/wp-content\/uploads\/2024\/11\/toque-nb.bmp","width":530,"height":530,"caption":"Restaurant le petit caboulot"},"image":{"@id":"https:\/\/www.lepetitcaboulot.com\/#\/schema\/logo\/image\/"},"sameAs":["https:\/\/www.facebook.com\/petitcaboulot","https:\/\/www.instagram.com\/petitcaboulot\/"]}]}},"featured_media_urls":[],"_links":{"self":[{"href":"https:\/\/www.lepetitcaboulot.com\/index.php\/wp-json\/wp\/v2\/pages\/216","targetHints":{"allow":["GET"]}}],"collection":[{"href":"https:\/\/www.lepetitcaboulot.com\/index.php\/wp-json\/wp\/v2\/pages"}],"about":[{"href":"https:\/\/www.lepetitcaboulot.com\/index.php\/wp-json\/wp\/v2\/types\/page"}],"author":[{"embeddable":true,"href":"https:\/\/www.lepetitcaboulot.com\/index.php\/wp-json\/wp\/v2\/users\/1"}],"replies":[{"embeddable":true,"href":"https:\/\/www.lepetitcaboulot.com\/index.php\/wp-json\/wp\/v2\/comments?post=216"}],"version-history":[{"count":279,"href":"https:\/\/www.lepetitcaboulot.com\/index.php\/wp-json\/wp\/v2\/pages\/216\/revisions"}],"predecessor-version":[{"id":2689,"href":"https:\/\/www.lepetitcaboulot.com\/index.php\/wp-json\/wp\/v2\/pages\/216\/revisions\/2689"}],"wp:attachment":[{"href":"https:\/\/www.lepetitcaboulot.com\/index.php\/wp-json\/wp\/v2\/media?parent=216"}],"curies":[{"name":"wp","href":"https:\/\/api.w.org\/{rel}","templated":true}]}}