{"id":1066,"date":"2021-05-23T15:19:50","date_gmt":"2021-05-23T13:19:50","guid":{"rendered":"http:\/\/www.lepetitcaboulot.com\/?page_id=1066"},"modified":"2026-03-11T09:55:42","modified_gmt":"2026-03-11T08:55:42","slug":"a-partager","status":"publish","type":"page","link":"https:\/\/www.lepetitcaboulot.com\/index.php\/la-carte\/a-partager\/","title":{"rendered":"A Partager &#8230;."},"content":{"rendered":"\n<h2 class=\"wp-block-heading\"><mark style=\"background-color:rgba(0, 0, 0, 0);color:#a34b00\" class=\"has-inline-color\"><strong>Les Planches<\/strong><\/mark> (pour 3\/4 personnes)<\/h2>\n\n\n\n<p class=\"has-text-align-center\"><strong>Planche \u00ab&nbsp;Petit Caboulot&nbsp;\u00bb&nbsp;: 19,90 \u20ac<\/strong><\/p>\n\n\n\n<p class=\"has-text-align-center\"><em>Chorizo, Rosette, Fromage de Brebis, Jambon Serrano<\/em><\/p>\n\n\n\n<p class=\"has-text-align-center\"><strong>Planche de Fromages Affin\u00e9s&nbsp;: 14,00 \u20ac<\/strong><\/p>\n\n\n\n<p class=\"has-text-align-center\"><em>Assiette de Fromages S\u00e9lectionn\u00e9s par Julien Tessier \u00e0 Saint Selve<\/em><\/p>\n\n\n\n<p class=\"has-text-align-center\"><strong>Planche \u00abA la Carte\u00bb&nbsp;: <\/strong><em><strong>Composez vous m\u00eame votre planche&nbsp;<\/strong><\/em>!<\/p>\n\n\n\n<p class=\"has-text-align-center\">Foie Gras de Canard Mi-Cuit&nbsp;(120 gr): 29,90 \u20ac<\/p>\n\n\n\n<p class=\"has-text-align-center\">Chorizo&nbsp;(80 gr) ou Rosette (120gr)&nbsp;: 9,50 \u20ac<\/p>\n\n\n\n<p class=\"has-text-align-center\">P\u00e2t\u00e9 de Campagne (90 gr)&nbsp;: 9,00 \u20ac<\/p>\n\n\n\n<p class=\"has-text-align-center\">Jambon Serrano&nbsp;(100 gr) : 9,00 \u20ac<\/p>\n\n\n\n<p class=\"has-text-align-center\">Nems de canard&nbsp;: 8,00 \u20ac<\/p>\n\n\n\n<p class=\"has-text-align-center\">Saumon en Gravlax Maison&nbsp;(200 gr) : 22,00 \u20ac<\/p>\n\n\n\n<p class=\"has-text-align-center\">Friture d\u2019\u00c9perlans&nbsp;(150 gr): 7,50 \u20ac<\/p>\n\n\n\n<p class=\"has-text-align-center\">Ceviche de Maigre aux agrumes&nbsp;(180 gr) : 19,50 \u20ac<\/p>\n\n\n\n<p class=\"has-text-align-center\">Gratin\u00e9 de Grenailles au Cheddar&nbsp;(180 gr) : 7,00 \u20ac<\/p>\n\n\n\n<p class=\"has-text-align-center\">Samoussas de L\u00e9gumes (120 gr )&nbsp;: 10,00 \u20ac<\/p>\n\n\n\n<p class=\"has-text-align-center\">Falafels&nbsp;(120 gr ) : 9,50 \u20ac<\/p>\n\n\n\n<p class=\"has-text-align-center\"><\/p>\n\n\n\n<p><\/p>\n\n\n\n<h2 class=\"wp-block-heading\"><\/h2>\n\n\n\n<p><\/p>\n\n\n\n<p><\/p>\n\n\n\n<p><\/p>\n\n\n\n<p><\/p>\n\n\n\n<p><\/p>\n\n\n\n<p><\/p>\n\n\n\n<p><\/p>\n","protected":false},"excerpt":{"rendered":"<p>Les Planches (pour 3\/4 personnes) Planche \u00ab&nbsp;Petit Caboulot&nbsp;\u00bb&nbsp;: 19,90 \u20ac Chorizo, Rosette, Fromage de Brebis, Jambon Serrano Planche de Fromages Affin\u00e9s&nbsp;: 14,00 \u20ac Assiette de Fromages S\u00e9lectionn\u00e9s par Julien Tessier \u00e0 Saint Selve Planche \u00abA la Carte\u00bb&nbsp;: Composez vous m\u00eame votre planche&nbsp;! Foie Gras de Canard Mi-Cuit&nbsp;(120 gr): 29,90 \u20ac Chorizo&nbsp;(80 gr) ou Rosette (120gr)&nbsp;: &hellip; <\/p>\n<p class=\"link-more\"><a href=\"https:\/\/www.lepetitcaboulot.com\/index.php\/la-carte\/a-partager\/\" class=\"more-link\">Continuer la lecture<span class=\"screen-reader-text\"> de &laquo;&nbsp;A Partager &#8230;.&nbsp;&raquo;<\/span><\/a><\/p>\n","protected":false},"author":1,"featured_media":0,"parent":67,"menu_order":1,"comment_status":"closed","ping_status":"closed","template":"","meta":{"footnotes":""},"class_list":["post-1066","page","type-page","status-publish","hentry"],"yoast_head":"<!-- This site is optimized with the Yoast SEO plugin v27.5 - https:\/\/yoast.com\/product\/yoast-seo-wordpress\/ -->\n<title>A Partager .... -<\/title>\n<meta name=\"robots\" content=\"index, follow, max-snippet:-1, max-image-preview:large, max-video-preview:-1\" \/>\n<link rel=\"canonical\" href=\"https:\/\/www.lepetitcaboulot.com\/index.php\/la-carte\/a-partager\/\" \/>\n<meta property=\"og:locale\" content=\"fr_FR\" \/>\n<meta property=\"og:type\" content=\"article\" \/>\n<meta property=\"og:title\" content=\"A Partager .... -\" \/>\n<meta property=\"og:description\" content=\"Les Planches (pour 3\/4 personnes) Planche \u00ab&nbsp;Petit Caboulot&nbsp;\u00bb&nbsp;: 19,90 \u20ac Chorizo, Rosette, Fromage de Brebis, Jambon Serrano Planche de Fromages Affin\u00e9s&nbsp;: 14,00 \u20ac Assiette de Fromages S\u00e9lectionn\u00e9s par Julien Tessier \u00e0 Saint Selve Planche \u00abA la Carte\u00bb&nbsp;: Composez vous m\u00eame votre planche&nbsp;! Foie Gras de Canard Mi-Cuit&nbsp;(120 gr): 29,90 \u20ac Chorizo&nbsp;(80 gr) ou Rosette (120gr)&nbsp;: &hellip; Continuer la lecture de &laquo;&nbsp;A Partager &#8230;.&nbsp;&raquo;\" \/>\n<meta property=\"og:url\" content=\"https:\/\/www.lepetitcaboulot.com\/index.php\/la-carte\/a-partager\/\" \/>\n<meta property=\"article:publisher\" content=\"https:\/\/www.facebook.com\/petitcaboulot\" \/>\n<meta property=\"article:modified_time\" content=\"2026-03-11T08:55:42+00:00\" \/>\n<meta name=\"twitter:card\" content=\"summary_large_image\" \/>\n<meta name=\"twitter:label1\" content=\"Dur\u00e9e de lecture estim\u00e9e\" \/>\n\t<meta name=\"twitter:data1\" content=\"1 minute\" \/>\n<script type=\"application\/ld+json\" class=\"yoast-schema-graph\">{\"@context\":\"https:\\\/\\\/schema.org\",\"@graph\":[{\"@type\":\"WebPage\",\"@id\":\"https:\\\/\\\/www.lepetitcaboulot.com\\\/index.php\\\/la-carte\\\/a-partager\\\/\",\"url\":\"https:\\\/\\\/www.lepetitcaboulot.com\\\/index.php\\\/la-carte\\\/a-partager\\\/\",\"name\":\"A Partager .... -\",\"isPartOf\":{\"@id\":\"https:\\\/\\\/www.lepetitcaboulot.com\\\/#website\"},\"datePublished\":\"2021-05-23T13:19:50+00:00\",\"dateModified\":\"2026-03-11T08:55:42+00:00\",\"breadcrumb\":{\"@id\":\"https:\\\/\\\/www.lepetitcaboulot.com\\\/index.php\\\/la-carte\\\/a-partager\\\/#breadcrumb\"},\"inLanguage\":\"fr-FR\",\"potentialAction\":[{\"@type\":\"ReadAction\",\"target\":[\"https:\\\/\\\/www.lepetitcaboulot.com\\\/index.php\\\/la-carte\\\/a-partager\\\/\"]}]},{\"@type\":\"BreadcrumbList\",\"@id\":\"https:\\\/\\\/www.lepetitcaboulot.com\\\/index.php\\\/la-carte\\\/a-partager\\\/#breadcrumb\",\"itemListElement\":[{\"@type\":\"ListItem\",\"position\":1,\"name\":\"Accueil\",\"item\":\"https:\\\/\\\/www.lepetitcaboulot.com\\\/\"},{\"@type\":\"ListItem\",\"position\":2,\"name\":\"La Carte\",\"item\":\"https:\\\/\\\/www.lepetitcaboulot.com\\\/index.php\\\/la-carte\\\/\"},{\"@type\":\"ListItem\",\"position\":3,\"name\":\"A Partager &#8230;.\"}]},{\"@type\":\"WebSite\",\"@id\":\"https:\\\/\\\/www.lepetitcaboulot.com\\\/#website\",\"url\":\"https:\\\/\\\/www.lepetitcaboulot.com\\\/\",\"name\":\"WWW.lepetitcaboulot.com\",\"description\":\"Restaurant traditionnel situ\u00e9 \u00e0 Isle Saint Georges, pr\u00e8s de Bordeaux (33)\",\"publisher\":{\"@id\":\"https:\\\/\\\/www.lepetitcaboulot.com\\\/#organization\"},\"potentialAction\":[{\"@type\":\"SearchAction\",\"target\":{\"@type\":\"EntryPoint\",\"urlTemplate\":\"https:\\\/\\\/www.lepetitcaboulot.com\\\/?s={search_term_string}\"},\"query-input\":{\"@type\":\"PropertyValueSpecification\",\"valueRequired\":true,\"valueName\":\"search_term_string\"}}],\"inLanguage\":\"fr-FR\"},{\"@type\":\"Organization\",\"@id\":\"https:\\\/\\\/www.lepetitcaboulot.com\\\/#organization\",\"name\":\"Restaurant le petit caboulot\",\"url\":\"https:\\\/\\\/www.lepetitcaboulot.com\\\/\",\"logo\":{\"@type\":\"ImageObject\",\"inLanguage\":\"fr-FR\",\"@id\":\"https:\\\/\\\/www.lepetitcaboulot.com\\\/#\\\/schema\\\/logo\\\/image\\\/\",\"url\":\"http:\\\/\\\/www.lepetitcaboulot.com\\\/wp-content\\\/uploads\\\/2024\\\/11\\\/toque-nb.bmp\",\"contentUrl\":\"http:\\\/\\\/www.lepetitcaboulot.com\\\/wp-content\\\/uploads\\\/2024\\\/11\\\/toque-nb.bmp\",\"width\":530,\"height\":530,\"caption\":\"Restaurant le petit caboulot\"},\"image\":{\"@id\":\"https:\\\/\\\/www.lepetitcaboulot.com\\\/#\\\/schema\\\/logo\\\/image\\\/\"},\"sameAs\":[\"https:\\\/\\\/www.facebook.com\\\/petitcaboulot\",\"https:\\\/\\\/www.instagram.com\\\/petitcaboulot\\\/\"]}]}<\/script>\n<!-- \/ Yoast SEO plugin. -->","yoast_head_json":{"title":"A Partager .... -","robots":{"index":"index","follow":"follow","max-snippet":"max-snippet:-1","max-image-preview":"max-image-preview:large","max-video-preview":"max-video-preview:-1"},"canonical":"https:\/\/www.lepetitcaboulot.com\/index.php\/la-carte\/a-partager\/","og_locale":"fr_FR","og_type":"article","og_title":"A Partager .... -","og_description":"Les Planches (pour 3\/4 personnes) Planche \u00ab&nbsp;Petit Caboulot&nbsp;\u00bb&nbsp;: 19,90 \u20ac Chorizo, Rosette, Fromage de Brebis, Jambon Serrano Planche de Fromages Affin\u00e9s&nbsp;: 14,00 \u20ac Assiette de Fromages S\u00e9lectionn\u00e9s par Julien Tessier \u00e0 Saint Selve Planche \u00abA la Carte\u00bb&nbsp;: Composez vous m\u00eame votre planche&nbsp;! Foie Gras de Canard Mi-Cuit&nbsp;(120 gr): 29,90 \u20ac Chorizo&nbsp;(80 gr) ou Rosette (120gr)&nbsp;: &hellip; Continuer la lecture de &laquo;&nbsp;A Partager &#8230;.&nbsp;&raquo;","og_url":"https:\/\/www.lepetitcaboulot.com\/index.php\/la-carte\/a-partager\/","article_publisher":"https:\/\/www.facebook.com\/petitcaboulot","article_modified_time":"2026-03-11T08:55:42+00:00","twitter_card":"summary_large_image","twitter_misc":{"Dur\u00e9e de lecture estim\u00e9e":"1 minute"},"schema":{"@context":"https:\/\/schema.org","@graph":[{"@type":"WebPage","@id":"https:\/\/www.lepetitcaboulot.com\/index.php\/la-carte\/a-partager\/","url":"https:\/\/www.lepetitcaboulot.com\/index.php\/la-carte\/a-partager\/","name":"A Partager .... -","isPartOf":{"@id":"https:\/\/www.lepetitcaboulot.com\/#website"},"datePublished":"2021-05-23T13:19:50+00:00","dateModified":"2026-03-11T08:55:42+00:00","breadcrumb":{"@id":"https:\/\/www.lepetitcaboulot.com\/index.php\/la-carte\/a-partager\/#breadcrumb"},"inLanguage":"fr-FR","potentialAction":[{"@type":"ReadAction","target":["https:\/\/www.lepetitcaboulot.com\/index.php\/la-carte\/a-partager\/"]}]},{"@type":"BreadcrumbList","@id":"https:\/\/www.lepetitcaboulot.com\/index.php\/la-carte\/a-partager\/#breadcrumb","itemListElement":[{"@type":"ListItem","position":1,"name":"Accueil","item":"https:\/\/www.lepetitcaboulot.com\/"},{"@type":"ListItem","position":2,"name":"La Carte","item":"https:\/\/www.lepetitcaboulot.com\/index.php\/la-carte\/"},{"@type":"ListItem","position":3,"name":"A Partager &#8230;."}]},{"@type":"WebSite","@id":"https:\/\/www.lepetitcaboulot.com\/#website","url":"https:\/\/www.lepetitcaboulot.com\/","name":"WWW.lepetitcaboulot.com","description":"Restaurant traditionnel situ\u00e9 \u00e0 Isle Saint Georges, pr\u00e8s de Bordeaux (33)","publisher":{"@id":"https:\/\/www.lepetitcaboulot.com\/#organization"},"potentialAction":[{"@type":"SearchAction","target":{"@type":"EntryPoint","urlTemplate":"https:\/\/www.lepetitcaboulot.com\/?s={search_term_string}"},"query-input":{"@type":"PropertyValueSpecification","valueRequired":true,"valueName":"search_term_string"}}],"inLanguage":"fr-FR"},{"@type":"Organization","@id":"https:\/\/www.lepetitcaboulot.com\/#organization","name":"Restaurant le petit caboulot","url":"https:\/\/www.lepetitcaboulot.com\/","logo":{"@type":"ImageObject","inLanguage":"fr-FR","@id":"https:\/\/www.lepetitcaboulot.com\/#\/schema\/logo\/image\/","url":"http:\/\/www.lepetitcaboulot.com\/wp-content\/uploads\/2024\/11\/toque-nb.bmp","contentUrl":"http:\/\/www.lepetitcaboulot.com\/wp-content\/uploads\/2024\/11\/toque-nb.bmp","width":530,"height":530,"caption":"Restaurant le petit caboulot"},"image":{"@id":"https:\/\/www.lepetitcaboulot.com\/#\/schema\/logo\/image\/"},"sameAs":["https:\/\/www.facebook.com\/petitcaboulot","https:\/\/www.instagram.com\/petitcaboulot\/"]}]}},"featured_media_urls":[],"_links":{"self":[{"href":"https:\/\/www.lepetitcaboulot.com\/index.php\/wp-json\/wp\/v2\/pages\/1066","targetHints":{"allow":["GET"]}}],"collection":[{"href":"https:\/\/www.lepetitcaboulot.com\/index.php\/wp-json\/wp\/v2\/pages"}],"about":[{"href":"https:\/\/www.lepetitcaboulot.com\/index.php\/wp-json\/wp\/v2\/types\/page"}],"author":[{"embeddable":true,"href":"https:\/\/www.lepetitcaboulot.com\/index.php\/wp-json\/wp\/v2\/users\/1"}],"replies":[{"embeddable":true,"href":"https:\/\/www.lepetitcaboulot.com\/index.php\/wp-json\/wp\/v2\/comments?post=1066"}],"version-history":[{"count":15,"href":"https:\/\/www.lepetitcaboulot.com\/index.php\/wp-json\/wp\/v2\/pages\/1066\/revisions"}],"predecessor-version":[{"id":2566,"href":"https:\/\/www.lepetitcaboulot.com\/index.php\/wp-json\/wp\/v2\/pages\/1066\/revisions\/2566"}],"up":[{"embeddable":true,"href":"https:\/\/www.lepetitcaboulot.com\/index.php\/wp-json\/wp\/v2\/pages\/67"}],"wp:attachment":[{"href":"https:\/\/www.lepetitcaboulot.com\/index.php\/wp-json\/wp\/v2\/media?parent=1066"}],"curies":[{"name":"wp","href":"https:\/\/api.w.org\/{rel}","templated":true}]}}